ose 0*c = 3*y - q*c - 435, -5*c = 2*y - 269. What are the prime factors of y?
2, 71
Let x = 82441 - 39912. List the prime factors of x.
71, 599
What are the prime factors of -118*(-8)/6*(-36)/864*-108?
2, 3, 59
Suppose -296*g + 853292 = -214*g. What are the prime factors of g?
2, 11, 43
Suppose 0 = 5*q + 3*m - 6384, -2*m = q - 3*q + 2560. Suppose -a + 8*j + q = 10*j, 0 = 4*j - 4. What are the prime factors of a?
2, 11, 29
Let q(w) = w**2 + 13*w + 43. Let u be q(-8). Suppose -4*n - 925 = -u*z, 0 = -3*z - z + n + 1216. List the prime factors of z.
3, 101
Suppose 52 = 5*g + 27. Suppose 0 = -g*z + 5*o, 0 = 3*z + z - o. Suppose -71 = -3*i + p + 90, 2*i - 3*p - 98 = z. What are the prime factors of i?
5, 11
What are the prime factors of (10380/24 - 0)*504/10?
2, 3, 7, 173
Suppose -12*j + 7*j = -50. Suppose 4*s = 6*s - j. Suppose -s*t + 276 = -204. What are the prime factors of t?
2, 3
Let t = 40 + -38. Suppose n - t*c - 2 = 0, 0 = -4*n + 4*c - 2*c + 8. Suppose 0*y + n*y + 6 = 0, 2*o = 3*y + 223. List the prime factors of o.
107
Let l(c) = -c**2 - 10*c - 15. Let p be l(-8). Let w be (780/8)/((-2 + p)/(-4)). Suppose 170 + w = 10*n. What are the prime factors of n?
2, 7
Let h(o) = -4*o + 2 + o**2 + 217*o**3 + 0*o**2 - 218*o**3 + 0. Let q be h(3). List the prime factors of (-7 + -1)*(105/q + 1).
2, 11
Let a = 8 + -6. Let q(d) = -5*d - 12*d + a*d**2 - d**2 + 0*d**2 - 71. What are the prime factors of q(21)?
13
Let c = -6671 + 2311. Let a = c - -8967. Suppose 19*p - a = -1073. List the prime factors of p.
2, 3, 31
Let r(y) = 5*y**3 + y**2 + 10*y + 2. Suppose q - 12 = -2*q + 2*x, 0 = -2*q - 4*x + 8. List the prime factors of r(q).
2, 3, 7
Suppose -2*f = t - 5*t - 2832, -2*f + 705 = -t. List the prime factors of (-17 - -22)*t/5*-1.
709
Suppose -47*h = -49*h + 162. Suppose p - 41 = -2*l + 28, -2*l + h = -3*p. What are the prime factors of l?
2, 3
Let q be ((-2)/(18/21))/((-2)/(-474)). Let d be (-2)/8 + 3/(-12)*q. Suppose d = 3*p - 276. List the prime factors of p.
2, 3, 23
Suppose 2*a + a - 12 = 0. Suppose 106 = a*l + 62. Suppose 0 = -l*k + 11 + 924. List the prime factors of k.
5, 17
Let r be (0 - 0/(-1))/1. What are the prime factors of 755*(-4 + r + 96/20)?
2, 151
Let j be 25 - (-3 + -5 + 11). Let i = 26 - j. Suppose i*h = -6*h + 710. What are the prime factors of h?
71
Suppose -4*y - 2*y = 936. Let p be ((-3)/4)/((-13)/y). Let g(l) = -13*l - 4. List the prime factors of g(p).
113
Suppose -111*p + 40 = -106*p. Suppose p*x - 523 = 7*x + 5*i, 5*i = 3*x - 1609. List the prime factors of x.
3, 181
Suppose 4*j - 11002 = -2*o, -5489 = -62*o + 61*o - 5*j. List the prime factors of o.
7, 787
Suppose 46920 = 17*l - 25585. What are the prime factors of l?
5, 853
Let b = -4367 + 14481. List the prime factors of b.
2, 13, 389
Let t(j) = -j**3 - 27*j**2 - 4*j - 43. Let n(p) = 58*p + 4. Let w be n(-1). Let v = -81 - w. List the prime factors of t(v).
5, 13
Suppose o = 369 + 119. Let t = -220 + o. List the prime factors of t.
2, 67
Let r = 19789 - 7304. List the prime factors of r.
5, 11, 227
Suppose 3*t = 4*q - 29280, -4*t = -8*q + 9*q - 7301. What are the prime factors of q?
3, 271
Let w be (-7)/(-3) - (-1)/(-3). Let v(k) = -9*k**3 + 15*k + 14. Let s be v(-2). Suppose -w*u - 440 = -4*z, 0 = 3*z + 2*u - 386 + s. List the prime factors of z.
2, 5, 11
Let h be (0*6/(-18))/((-22)/11). Let o be 1/(2/(-87))*-2. Suppose h = 2*k - 225 - o. List the prime factors of k.
2, 3, 13
Suppose l = 2 + 4. What are the prime factors of (-8385)/l*(-4)/10?
13, 43
Let o be (5 - 4555)*1/2*-1. Let g = o + -1609. List the prime factors of g.
2, 3, 37
Suppose 6*f - 11*f = -3*g + 44746, 0 = -5*g - 2*f + 74587. List the prime factors of g.
7, 2131
Let o = -650 + 650. Suppose o = 4*y - 4, 2*y = 2*b - 625 - 153. What are the prime factors of b?
2, 3, 5, 13
Suppose 5*c + 70*h - 120 = 71*h, 0 = -c - 3*h + 24. List the prime factors of c.
2, 3
Let s = 85404 + -47672. List the prime factors of s.
2, 9433
Let w be 6/(-3) - (2 + -28444). Let i be w/168 + (-4)/14*1. Suppose -r + 5*y + 81 = 0, -3*y = -0*r - 2*r + i. What are the prime factors of r?
2, 43
Let k(n) = 2*n**3 + 23*n**2 - 92*n - 59. List the prime factors of k(10).
3, 41
Let w(v) = v**3 - 15*v**2 - 9*v - 1. Let f be w(13). Let u = 692 + f. List the prime factors of u.
2, 59
Let v = -17 + -17. Let k = 34 + v. Suppose 5*w = -2*a + 323, -6*w + w + 3*a + 303 = k. List the prime factors of w.
3, 7
Let h(x) = -x**2. Let d be h(-1). List the prime factors of (3/d)/((-3)/673).
673
Suppose -2*d - 162 = 25*d. What are the prime factors of ((-3)/d + (0 - -109))*2?
3, 73
Let s(z) = -162*z**2 - 11*z + 83. Let n be s(4). Let r = 3591 + n. List the prime factors of r.
2, 3, 173
Let x = 2326 - 704. Suppose 0 = 2*o + 4, 4*i - x + 384 = o. List the prime factors of i.
3, 103
Suppose 4*a - n + 3*n - 5880 = 0, -7320 = -5*a + 5*n. Let q = -515 + a. What are the prime factors of q?
953
Let i(w) = w**2 + 19*w + 16. Let m be -1*19 + 0/(-3 - -2). Let p be i(m). Suppose -44 - p = -5*o. List the prime factors of o.
2, 3
Suppose -12*g + 9*g = -5*i - 3066, 2*g - 2*i - 2048 = 0. List the prime factors of g.
13, 79
Let f(i) = 2*i + 42. Let g = 39 + -59. Let j be f(g). Suppose 4*n - 6*n = -j*u + 140, 4*n = -3*u + 182. What are the prime factors of u?
2, 3, 11
Suppose -3*l - 7 = 2. Let f be (108/(-21))/(l/14). Let m = f + 15. What are the prime factors of m?
3, 13
Let u = 924 + -481. Let w(n) = n + 812. Let f be w(0). Suppose -2*p - h + u = 0, -4*p + 49 = -3*h - f. List the prime factors of p.
3, 73
Let s be (-11 + 17)*(0 + (-3)/(-6)). Suppose 0 = -3*x + s*j + 180, 3*j - 226 = -3*x - x. What are the prime factors of x?
2, 29
Let p(g) = 23*g**2 - 9*g - 7. Suppose -22*h + 23*h = -6. What are the prime factors of p(h)?
5, 7
Let c(x) be the second derivative of 8*x**3 + 101*x**2/2 + 59*x. List the prime factors of c(10).
7, 83
Suppose -5*j + 3*u + 42839 = 0, -357*j + 4*u = -361*j + 34252. What are the prime factors of j?
2, 4283
Suppose 3*o - 55393 = -n, -2*o + 2*n - 18817 = -55767. What are the prime factors of o?
59, 313
Suppose -6*x = -0*x - 60. Let o = 14 - x. Suppose -4*n - a - 2*a + 252 = 0, n = o*a + 44. List the prime factors of n.
2, 3, 5
Let v(r) = 28*r + 108. Let m be v(-2). Let q = 429 - m. What are the prime factors of q?
13, 29
Let g(b) = b**3 + 15*b**2 + 25*b - 15. Let n be g(-13). Let k(x) = -4*x**3 - 4*x - 4. Let v be k(n). List the prime factors of v*(4/14 + 200/84).
2, 3
Let q be (-2)/(-6) + 25/15. Let i be 0/(-3 + q + -6 + 5). Suppose -3*x - 12 = i, -3*x = 3*l - 0*x - 237. What are the prime factors of l?
83
Let f = -196695 - -275986. What are the prime factors of f?
37, 2143
Let w(a) = -8*a**3 - 9*a**2 - 40*a - 30. Let t(l) = -2*l**3 - 2*l**2 - 10*l - 8. Let m(n) = -22*t(n) + 6*w(n). What are the prime factors of m(-6)?
2, 5, 31
Let a(i) be the first derivative of i**2 + 8*i + 45. Let d be a(-4). Suppose r - 134 = -r + j, -r + 3*j + 72 = d. List the prime factors of r.
2, 3, 11
Let a be (0 - 16/(-4 + 6))*-2531. List the prime factors of a/12 + 9/(-27).
7, 241
Suppose -4*h = 3*w + 3665, 0*w + w - 4*h + 1195 = 0. Let z = w - -2153. List the prime factors of 6/(-4) + z/4.
233
Suppose -13*b + 4*b = 45. Let g(y) = -30*y - 8. Let h be g(b). Let w = 14 + h. What are the prime factors of w?
2, 3, 13
What are the prime factors of (-907 + -1)*(-18 - 72/(-6))?
2, 3, 227
Let p = 15530 + -7697. List the prime factors of p.
3, 7, 373
Suppose -20*m = -9*m + 13*m - 693048. List the prime factors of m.
67, 431
Let c be (9/15)/((-3)/(-75)). Suppose 0 = c*b - 0*b - 4530. What are the prime factors of b?
2, 151
Suppose 7 = g, -19051 = -3*f + 3*g + 566. What are the prime factors of f?
2, 3, 1091
Let t(n) = 440*n - 2024. What are the prime factors of t(18)?
2, 11, 67
What are the prime factors of (-22)/(((-8)/852)/(0 - 16/(-12)))?
2, 11, 71
Suppose 27*h - 11*h = -352. What are the prime factors of (h - -7)*(-3)/5?
3
Let n(o) = -105*o + 35. Let r(q) = 3*q - 4. Let t be r(0). What are the prime factors of n(t)?
5, 7, 13
Let u = -64 + -19. Suppose 23*b - 19*b = 820. Let x = b + u. List the prime factors of x.
2, 61
Let h(n) = 413*n + 12332. What are the prime factors of h(0)?
2, 3083
Suppose 0 = -4*m - 221 + 1181. Let l = -156 + m. List the prime factors of l.
2, 3, 7
List the 